1226301.
3, 67, 6101
List the prime factors of 21751516.
2, 1213, 4483
List the prime factors of 78349.
47, 1667
What are the prime factors of 1862026?
2, 931013
What are the prime factors of 37821403?
61, 131, 4733
List the prime factors of 3982668.
2, 3, 331889
List the prime factors of 12961249.
7, 19, 97453
List the prime factors of 141597.
3, 15733
What are the prime factors of 2769534?
2, 3, 251, 613
List the prime factors of 458852.
2, 114713
List the prime factors of 367425.
3, 5, 23, 71
What are the prime factors of 3022705?
5, 7, 67, 1289
What are the prime factors of 1989484?
2, 7, 41, 1733
What are the prime factors of 8816294?
2, 4408147
List the prime factors of 1112352.
2, 3, 11587
What are the prime factors of 319143?
3, 11, 19, 509
List the prime factors of 881922.
2, 3, 146987
List the prime factors of 31288822.
2, 41, 73, 5227
List the prime factors of 21679.
7, 19, 163
List the prime factors of 490672.
2, 7, 13, 337
List the prime factors of 1239757.
97, 12781
List the prime factors of 5205906.
2, 3, 29, 9973
List the prime factors of 744091.
181, 4111
List the prime factors of 8312103.
3, 923567
What are the prime factors of 10965629?
17, 645037
What are the prime factors of 1246713?
3, 13, 2459
What are the prime factors of 5235298?
2, 19, 137771
What are the prime factors of 42100?
2, 5, 421
List the prime factors of 3330595.
5, 666119
What are the prime factors of 210786?
2, 3, 19, 43
List the prime factors of 457989.
3, 7, 113, 193
List the prime factors of 213022.
2, 43, 2477
What are the prime factors of 28464665?
5, 31, 227, 809
What are the prime factors of 339840?
2, 3, 5, 59
What are the prime factors of 14748786?
2, 3, 13, 63029
List the prime factors of 4040184.
2, 3, 71, 2371
List the prime factors of 18855401.
18855401
List the prime factors of 3111276.
2, 3, 7, 37039
List the prime factors of 1294628.
2, 317, 1021
List the prime factors of 251321.
7, 23, 223
What are the prime factors of 400069?
400069
What are the prime factors of 10545907?
47, 173, 1297
List the prime factors of 215920.
2, 5, 2699
List the prime factors of 14246662.
2, 7123331
List the prime factors of 982279.
487, 2017
List the prime factors of 38688.
2, 3, 13, 31
What are the prime factors of 188564?
2, 17, 47, 59
What are the prime factors of 10253?
10253
List the prime factors of 29715146.
2, 14857573
List the prime factors of 786747.
3, 13, 20173
What are the prime factors of 106449?
3, 7, 37, 137
List the prime factors of 107463.
3, 113, 317
What are the prime factors of 5520404?
2, 41, 821
What are the prime factors of 942918?
2, 3, 41, 3833
List the prime factors of 6870284.
2, 23, 53, 1409
List the prime factors of 20755412.
2, 43, 120671
List the prime factors of 80371.
179, 449
What are the prime factors of 625799?
61, 10259
What are the prime factors of 412176?
2, 3, 31, 277
What are the prime factors of 200403?
3, 7, 3181
What are the prime factors of 702043?
41, 17123
What are the prime factors of 164159?
139, 1181
What are the prime factors of 1412044?
2, 353011
What are the prime factors of 1543807?
19, 193, 421
What are the prime factors of 172964?
2, 11, 3931
List the prime factors of 5228553.
3, 11, 19, 31, 269
What are the prime factors of 2224660?
2, 5, 41, 2713
List the prime factors of 180716.
2, 45179
What are the prime factors of 140211?
3, 577
List the prime factors of 8910385.
5, 11, 162007
What are the prime factors of 307979?
7, 43997
What are the prime factors of 5393895?
3, 5, 13, 139, 199
What are the prime factors of 182330?
2, 5, 18233
What are the prime factors of 792416?
2, 24763
What are the prime factors of 11992336?
2, 41, 101, 181
What are the prime factors of 909257?
41, 67, 331
List the prime factors of 1471875.
3, 5, 157
List the prime factors of 5292498.
2, 3, 882083
List the prime factors of 847478.
2, 31, 13669
List the prime factors of 427682.
2, 281, 761
List the prime factors of 115102.
2, 13, 19, 233
List the prime factors of 1322706.
2, 3, 7, 11, 409
What are the prime factors of 1862304?
2, 3, 19, 1021
What are the prime factors of 8248545?
3, 5, 183301
List the prime factors of 1592120.
2, 5, 53, 751
What are the prime factors of 3788146?
2, 23, 82351
What are the prime factors of 241163?
13, 1427
List the prime factors of 9077022.
2, 3, 19, 983
What are the prime factors of 1656042?
2, 3, 276007
What are the prime factors of 542325?
3, 5, 7, 1033
What are the prime factors of 2624858?
2, 907, 1447
List the prime factors of 6851405.
5, 11, 43, 2897
List the prime factors of 343377.
3, 38153
List the prime factors of 73611.
3, 8179
What are the prime factors of 5853073?
331, 17683
What are the prime factors of 5221520?
2, 5, 65269
What are the prime factors of 1534456?
2, 7, 11, 47, 53
List the prime factors of 1306298.
2, 7, 93307
List the prime factors of 2084667.
3, 13, 53453
List the prime factors of 13022826.
2, 3, 1039, 2089
List the prime factors of 12883533.
3, 13, 330347
List the prime factors of 1028205.
3, 5, 73, 313
List the prime factors of 5686762.
2, 491, 5791
What are the prime factors of 7647591?
3, 7, 364171
What are the prime factors of 2492090?
2, 5, 31, 8039
What are the prime factors of 1087241?
1087241
List the prime factors of 6050018.
2, 13, 19, 37, 331
What are the prime factors of 1036633?
13, 23, 3467
What are the prime factors of 5769821?
5769821
What are the prime factors of 384202?
2, 7, 13, 2111
List the prime factors of 48853.
7, 997
What are the prime factors of 248587?
248587
List the prime factors of 52796.
2, 67, 197
What are the prime factors of 2191903?
7, 313129
List the prime factors of 348066.
2, 3, 61, 317
What are the prime factors of 127356?
2, 3, 10613
What are the prime factors of 2099086?
2, 11, 95413
List the prime factors of 2633522.
2, 1316761
What are the prime factors of 1284863?
1284863
What are the prime factors of 3992126?
2, 101, 19763
List the prime factors of 141694.
2, 7, 29, 349
List the prime factors of 1844707.
1844707
What are the prime factors of 1176123?
3, 13, 53, 569
What are the prime factors of 1900038?
2, 3, 7, 19, 2381
List the prime factors of 6561415.
5, 7, 187469
List the prime factors of 1397701.
593, 2357
What are the prime factors of 72978?
2, 3, 12163
What are the prime factors of 241601?
241601
What are the prime factors of 395100?
2, 3, 5, 439
What are the prime factors of 216600?
2, 3, 5, 19
What are the prime factors of 201424?
2, 12589
What are the prime factors of 470504?
2, 103, 571
List the prime factors of 892420.
2, 5, 44621
List the prime factors of 2134730.
2, 5, 13, 16421
List the prime factors of 209551.
19, 41, 269
List the prime factors of 2422022.
2, 29, 41759
List the prime factors of 876727.
43, 20389
List the prime factors of 9270066.
2, 3, 13, 17, 6991
What are the prime factors of 13740623?
13, 1056971
List the prime factors of 3039398.
2, 97, 15667
What are the prime factors of 2054830?
2, 5, 205483
List the prime factors of 250066.
2, 97, 1289
List the prime factors of 3945132.
2, 3, 36529
List the prime factors of 12997658.
2, 6498829
What are the prime factors of 907012?
2, 226753
What are the prime factors of 6648846?
2, 3, 653, 1697
List the prime factors of 10391671.
10391671
What are the prime factors of 684192?
2, 3, 7127
List the prime factors of 1167390.
2, 3, 5, 7, 17, 109
List the prime factors of 28104589.
28104589
List the prime factors of 2259074.
2, 61, 18517
What are the prime factors of 223993?
7, 11, 2909
What are the prime factors of 1891528?
2, 101, 2341
List the prime factors of 184731.
3, 139, 443
What are the prime factors of 1587425?
5, 7, 47, 193
List the prime factors of 233705.
5, 43, 1087
What are the prime factors of 132694?
2, 66347
List the prime factors of 3453830.
2, 5, 569, 607
List the prime factors of 826861.
7, 19, 6217
What are the prime factors of 194446?
2, 7, 17, 19, 43
List the prime factors of 19133014.
2, 31, 308597
List the prime factors of 31970.
2, 5, 23, 139
List the prime factors of 559113.
3, 17, 19, 577
List the prime factors of 1220169.
3, 173, 2351
List the prime factors of 2147594.
2, 577, 1861
What are the prime factors of 1151304?
2, 3, 7, 11, 89
List the prime factors of 10521.
3, 7, 167
What are the prime factors of 720254?
2